{"id":62,"date":"2023-11-10T13:58:00","date_gmt":"2023-11-10T12:58:00","guid":{"rendered":"https:\/\/polana-orzesze.mikolow.zhp.pl\/?page_id=62"},"modified":"2025-03-22T17:06:15","modified_gmt":"2025-03-22T16:06:15","slug":"przekaz-15","status":"publish","type":"page","link":"https:\/\/polana-orzesze.mikolow.zhp.pl\/index.php\/przekaz-15\/","title":{"rendered":"Przeka\u017c 1,5%"},"content":{"rendered":"<div class=\"wp-block-image\">\n<figure class=\"aligncenter size-full\"><img loading=\"lazy\" decoding=\"async\" width=\"300\" height=\"102\" src=\"https:\/\/polana-orzesze.mikolow.zhp.pl\/wp-content\/uploads\/2025\/03\/15.jpeg\" alt=\"1,5%\" class=\"wp-image-149\"\/><\/figure>\n<\/div>\n\n\n<p>Po raz kolejny, rozliczaj\u0105c sw\u00f3j podatek za rok poprzedni, ka\u017cdy mo\u017ce przeznaczy\u0107 jego 1,5% na rzecz Zwi\u0105zku Harcerstwa Polskiego, czyli dla naszego hufca i naszych dru\u017cyn. Procedura ta jest prosta. Ofiarodawca wpisuje&nbsp;<strong>kwot\u0119<\/strong>, numer&nbsp;<strong>KRS: 0000273051<\/strong>&nbsp;i informacj\u0119 identyfikacyjn\u0105:&nbsp;<strong>\u201eHufiec Ziemi Miko\u0142owskiej\u201d<\/strong>&nbsp;w odpowiedni\u0105 rubryk\u0119 zeznania podatkowego. Do nazwy hufca mo\u017cna r\u00f3wnie\u017c doda\u0107&nbsp;<strong>numer i nazw\u0119 dru\u017cyny<\/strong>, b\u0105d\u017a jednostki, do kt\u00f3rej kwota ma trafi\u0107. Zebrane fundusze pozwol\u0105 wesprze\u0107 dzia\u0142ania wychowawcze i programowe hufca.<\/p>\n\n\n\n<hr class=\"wp-block-separator has-alpha-channel-opacity is-style-wide\"\/>\n\n\n\n<p><strong>Drodzy rodzice:<\/strong><br>Zach\u0119camy Pa\u0144stwa do przekazania jednego procenta na nasz hufiec, gdy\u017c te pieni\u0105dze pozwalaj\u0105 uatrakcyjni\u0107 program i wychowanie Pa\u0144stwa dzieci. Czyli ca\u0142a kwota z tej darowizny&nbsp;<strong>wraca do Pa\u0144stwa dzieci!&nbsp;<\/strong><\/p>\n\n\n\n<hr class=\"wp-block-separator has-alpha-channel-opacity is-style-wide\"\/>\n\n\n\n<p><strong>Dlaczego warto przekaza\u0107 nam 1,5 % z podatku?<\/strong><br>Poniewa\u017c jeste\u015bmy organizacj\u0105, kt\u00f3ra od ponad 100 lat wspiera rozw\u00f3j m\u0142odego cz\u0142owieka. Uczymy dzieci tylko pozytywnych zachowa\u0144. Nie agitujemy \u017cadnej my\u015bli politycznej i religijnej. Jeste\u015bmy wspierani przez Ministerstwo Edukacji Narodowej. Dzieci nie przesiaduj\u0105 na \u0142awce pod blokiem, aktywnie sp\u0119dzaj\u0105 czas! Pa\u0144stwa \u015brodki pozwalaj\u0105 nam na to, by rozw\u00f3j m\u0142odzie\u017cy by\u0142 jeszcze bardziej atrakcyjny. Jeste\u015bmy organizacj\u0105, kt\u00f3ra dzia\u0142a na zasadach wolontariatu, a nasi instruktorzy nie zarabiaj\u0105 pieni\u0119dzy za prowadzenie zbi\u00f3rek harcerskich, organizowanie biwak\u00f3w, rajd\u00f3w, innych imprez.<\/p>\n\n\n\n<hr class=\"wp-block-separator has-alpha-channel-opacity is-style-wide\"\/>\n\n\n\n<p><strong>Na co przekazujemy fundusze?<\/strong><br>Fundusze z akcji wydawane s\u0105 na cele statutowe Zwi\u0105zku. Najcz\u0119\u015bciej finansujemy lub dofinansowujemy: wyjazdy na biwaki i obozy harcerskie cz\u0142onk\u00f3w dru\u017cyny\/hufca, zakup materia\u0142\u00f3w programowych niezb\u0119dnych do dzia\u0142ania dru\u017cyny\/hufca (kredki, kartki, klej, no\u017cyczki, itd.), zakup sprz\u0119tu z kt\u00f3rego korzystaj\u0105 cz\u0142onkowie dru\u017cyn\/hufca (kompasy, saperki, namioty, itd.), zakup \u017ar\u00f3de\u0142 wiedzy (ksi\u0105\u017cki), zakup nagr\u00f3d za konkursy i wsp\u00f3\u0142zawodnictwa, dofinansowanie kszta\u0142cenia m\u0142odej kadry.<\/p>\n\n\n\n<hr class=\"wp-block-separator has-alpha-channel-opacity is-style-wide\"\/>\n\n\n\n<p><strong>Przekazywanie 1,5% podatku dochodowego organizacji po\u017cytku publicznego \u2013 krok po kroku:<\/strong><br>1. Sprawd\u017a, czy mo\u017cesz przekaza\u0107 1,5% podatku ZHP:<br>1,5% podatku dochodowego mog\u0105 przekaza\u0107 organizacjom:<br>&#8211; podatnicy podatku dochodowego od os\u00f3b fizycznych (w tym m.in. podatnicy uzyskuj\u0105cy dochody z odp\u0142atnego zbycia papier\u00f3w warto\u015bciowych);<br>&#8211; podatnicy opodatkowani rycza\u0142tem od przychod\u00f3w ewidencjonowanych;<br>&#8211; podatnicy prowadz\u0105cy jednoosobow\u0105 dzia\u0142alno\u015b\u0107 gospodarcz\u0105 i korzystaj\u0105cy z liniowej, 19-procentowej stawki podatku;<br>&#8211; emeryci, pod warunkiem jednak, \u017ce samodzielnie wype\u0142ni\u0105 PIT-37.<\/p>\n\n\n\n<p>2. Wype\u0142ni\u0107 odpowiedni\u0105 rubryk\u0119 w rocznym zeznaniu podatkowym (PIT-36, PIT-36L, PIT-37, PIT-28, PIT-38)<br>Po wyliczeniu, ile podatku b\u0119dziemy mieli do zap\u0142acenia w tym roku, w odpowiednich rubrykach zeznania podatkowego (\u201eWniosek o przekazanie 1,5 % podatku nale\u017cnego na rzecz organizacji po\u017cytku publicznego OPP\u201d) wpisujemy numer KRS: 0000273051 Nast\u0119pnie wpisujemy tak\u017ce kwot\u0119, kt\u00f3r\u0105 chcemy przekaza\u0107, nie mo\u017ce ona jednak przekracza\u0107 1,5 % podatku nale\u017cnego, wynikaj\u0105cego z zeznania podatkowego, po zaokr\u0105gleniu do pe\u0142nych dziesi\u0105tek groszy w d\u00f3\u0142. Podatnik w sk\u0142adanym zeznaniu podatkowym mo\u017ce poda\u0107 dodatkowe informacje, kt\u00f3re w jego ocenie mog\u0105 mie\u0107 wp\u0142yw na rozdysponowanie pieni\u0119dzy z 1,5 % przez organizacj\u0119 po\u017cytku publicznego (wskaza\u0107 konkretn\u0105 dru\u017cyn\u0119\/gromad\u0119, np: 56 DH \u201eTropiciele\u201d). Przeznaczona jest na to specjalna rubryka \u201eInformacje uzupe\u0142niaj\u0105ce\u201d. Informacje te zostan\u0105 przes\u0142ane organizacji po\u017cytku publicznego jako uszczeg\u00f3\u0142owienie przekazanych kwot. Podatnik ma prawo wyrazi\u0107 zgod\u0119 na podanie swych danych osobowych (imienia, nazwiska oraz adresu) organizacji po\u017cytku publicznego. Informacje te przekazuje Urz\u0105d Skarbowy. Zgod\u0119 podatnik wyra\u017ca w formularzu PIT, zakre\u015blaj\u0105c odpowiedni\u0105 rubryk\u0119. Na jednym formularzu PIT podatnik mo\u017ce przekaza\u0107 odpis 1,5 % tylko dla jednej organizacji. Je\u015bli jednak podatnik rozlicza si\u0119 na wi\u0119cej ni\u017c jednym formularzu \u2013 w ka\u017cdym z nich mo\u017ce wskaza\u0107 inn\u0105 organizacj\u0119 po\u017cytku publicznego.<\/p>\n\n\n\n<p>3. Z\u0142o\u017cy\u0107 zeznanie podatkowe i rozliczy\u0107 si\u0119 z Urz\u0119dem Skarbowym<br>Pieni\u0105dze \u2013 1,5 % podatku nale\u017cnego \u2013 na konto wybranej organizacji przeka\u017ce Urz\u0105d Skarbowy w lipcu lub w sierpniu roku podatkowego, w kt\u00f3rym jest sk\u0142adane zeznanie podatkowe.<\/p>\n\n\n\n<hr class=\"wp-block-separator has-alpha-channel-opacity is-style-wide\"\/>\n\n\n\n<p><strong>Co si\u0119 dalej dzieje z funduszami?<\/strong><\/p>\n\n\n\n<p>Urz\u0105d Skarbowy przekazuje&nbsp; \u015brodki na konto \u015al\u0105skiej Komendy Chor\u0105gwi, kt\u00f3ra po zebraniu ca\u0142ej dotacji przekazuje j\u0105 na konto Komendy Hufca. Komenda Hufca wraz ze \u015brodkami otrzymuje pe\u0142n\u0105 list\u0119 jednostek, kt\u00f3rym fundusze si\u0119 nale\u017c\u0105. Po otrzymaniu i zweryfikowaniu \u015brodk\u00f3w (z Komendy Chor\u0105gwi) Komenda Hufca przekazuje informacj\u0119 o zebranych funduszach konkretnym jednostkom (dru\u017cynom). Jednostki (dru\u017cyny) na podstawie tej informacji mog\u0105 zaplanowa\u0107 na co wydadz\u0105 dotacje. Szefowie jednostek informuj\u0105 Skarbnika hufca o zaplanowanych dzia\u0142aniach (dru\u017cyny mog\u0105 wyda\u0107 pieni\u0105dze wy\u0142\u0105cznie na cele statutowe ZHP). Jednostki&nbsp; rozliczaj\u0105 j\u0105 odpowiednimi fakturami VAT. Komenda Hufca&nbsp; rozlicza ca\u0142\u0105 dotacj\u0119.<\/p>\n\n\n\n<p class=\"has-small-font-size\"><\/p>\n","protected":false},"excerpt":{"rendered":"<p>Po raz kolejny, rozliczaj\u0105c sw\u00f3j podatek za rok poprzedni, ka\u017cdy mo\u017ce przeznaczy\u0107 jego 1,5% na rzecz Zwi\u0105zku Harcerstwa Polskiego, czyli dla naszego hufca i naszych dru\u017cyn. Procedura ta jest prosta. [&#8230;]<\/p>\n","protected":false},"author":1,"featured_media":0,"parent":0,"menu_order":0,"comment_status":"closed","ping_status":"closed","template":"","meta":{"footnotes":""},"class_list":["post-62","page","type-page","status-publish","hentry"],"_links":{"self":[{"href":"https:\/\/polana-orzesze.mikolow.zhp.pl\/index.php\/wp-json\/wp\/v2\/pages\/62","targetHints":{"allow":["GET"]}}],"collection":[{"href":"https:\/\/polana-orzesze.mikolow.zhp.pl\/index.php\/wp-json\/wp\/v2\/pages"}],"about":[{"href":"https:\/\/polana-orzesze.mikolow.zhp.pl\/index.php\/wp-json\/wp\/v2\/types\/page"}],"author":[{"embeddable":true,"href":"https:\/\/polana-orzesze.mikolow.zhp.pl\/index.php\/wp-json\/wp\/v2\/users\/1"}],"replies":[{"embeddable":true,"href":"https:\/\/polana-orzesze.mikolow.zhp.pl\/index.php\/wp-json\/wp\/v2\/comments?post=62"}],"version-history":[{"count":7,"href":"https:\/\/polana-orzesze.mikolow.zhp.pl\/index.php\/wp-json\/wp\/v2\/pages\/62\/revisions"}],"predecessor-version":[{"id":154,"href":"https:\/\/polana-orzesze.mikolow.zhp.pl\/index.php\/wp-json\/wp\/v2\/pages\/62\/revisions\/154"}],"wp:attachment":[{"href":"https:\/\/polana-orzesze.mikolow.zhp.pl\/index.php\/wp-json\/wp\/v2\/media?parent=62"}],"curies":[{"name":"wp","href":"https:\/\/api.w.org\/{rel}","templated":true}]}}